+ 11. Suppose -5*v = -y*r - 25 - 36, -r = 2*v - 28. Suppose 91 = f - 0*f. Calculate the highest common divisor of f and v.
13
Suppose 0 = -11*m + 177 + 2859. What is the highest common divisor of m and 92?
92
Let a be ((-85)/102)/((-1)/6). Let g be 1*(-17)/(-4 + (-19)/(-5)). Calculate the highest common factor of g and a.
5
Let s be 1 - (-173 - 0 - 2). Let y(b) = -22*b - 1276. Let k be y(-59). Calculate the highest common factor of s and k.
22
Let j = -22 - -69. Calculate the highest common factor of j and 329.
47
Suppose -84 = -147*i + 141*i. Suppose -i*w + 35 = -13*w. What is the greatest common factor of 385 and w?
35
Suppose 3*w + 4*x = 4*w + 14, -3*x = -5*w + 15. What is the greatest common divisor of 30 and w?
6
Suppose -192*g + 19822 = -86*g. Suppose -3*s = -q - 58, -5*q = -4*s - 56 + 390. Let d be (-1)/2 - q/4. What is the greatest common factor of g and d?
17
Let x(s) = 32*s - 136. Let y be x(5). What is the highest common factor of y and 160?
8
Let k = -671 - -279. Let l be k/(-12) + 2/6. What is the highest common divisor of 22 and l?
11
Let y be (26/(-3)*-29)/((-204)/(-918)). Calculate the greatest common divisor of 117 and y.
39
Suppose 3*c - 94 = -5*d, 0 = 2*c + 5*d - 66 - 0. Let o be (1 - -340) + 0 + 3. Suppose -5*v = -76 - o. What is the greatest common divisor of v and c?
28
Let v = -369 + 404. Calculate the highest common factor of v and 770.
35
Let j(l) = -5*l + 16. Let w be j(-13). What is the greatest common divisor of 36 and w?
9
Let x = 944 + -816. Calculate the highest common divisor of x and 640.
128
Let o(c) = c**3 + 5*c**2 - 2*c + 18. Let d be o(-6). Let n(t) = -14*t - 4. Let l be n(d). What is the highest common divisor of l and 16?
16
Let p = 37 + -28. Let h be (268/(-6))/((-6)/p). Let k = h + -37. What is the highest common divisor of k and 60?
30
Suppose 56 = 14*v - 6*v. Let b = -5 + v. Suppose b*l = -5*j + 62, 7*j - 72 = 3*j + 4*l. Calculate the highest common factor of 98 and j.
14
Suppose -5*l = 83 - 478. Let w = 133 - l. What is the highest common factor of 36 and w?
18
Let y(l) = l**2 + 11*l + 42. Let h be y(13). Calculate the greatest common factor of h and 24.
6
Let w(v) = 2*v + 2. Let x = -7 - -11. Suppose -9 = -3*g - d + x, -4*g + 3*d = -13. Let z be w(g). Calculate the highest common factor of 1 and z.
1
Suppose -491*l + 486*l = -95. Suppose -a + 5*a = -308. Let x = -39 - a. What is the highest common factor of l and x?
19
Let d(t) = -t**3 + 4*t**2 + 2*t - 18. Let s be d(3). Let m(n) = n + 8. Let l be m(s). Calculate the greatest common divisor of l and 15.
5
Let g = -68 + 76. Calculate the highest common factor of g and 6.
2
Let u = -19 + 23. Suppose -u*p - 16 = -3*m + p, 2*m - 3*p = 11. Calculate the highest common factor of 63 and m.
7
Suppose -2*g = -3*a - 311 - 172, 3*g - 692 = -2*a. Let b = -14 + 40. Calculate the greatest common factor of b and g.
26
Suppose -u = 4*r - 31, 0 = 2*u - 2*r - 50 - 2. Let k = u + -1. Suppose 92*v + 26*v - 6760 = 14*v. Calculate the highest common divisor of k and v.
13
Let k be (13 - 13) + (0 - -2). Let v be (64/6 - k)*6. Suppose d - 19 = -6. Calculate the highest common factor of v and d.
13
Let i be (-1384)/(-18) + (-15)/(-135). Calculate the highest common factor of i and 99.
11
Let r = -40 + -7. Let j = r - -28. Let s be (-1425)/j*2/6. What is the greatest common divisor of s and 5?
5
Let z(c) = -4*c + 36. Let y be z(10). Let v(h) = -3*h**3 + h**2 + 4*h + 6. Let x be v(y). Calculate the highest common factor of x and 22.
22
Let w(g) = -24*g + 760. Let t be w(-9). What is the greatest common divisor of 16 and t?
16
Let w(s) = -28*s + 10. Let f(j) = j**2 - 83*j + 30. Let b(p) = -2*f(p) + 7*w(p). Let o be b(-11). What is the greatest common factor of o and 147?
49
Let a(i) = -88*i + 457. Let v be a(5). What is the highest common factor of v and 1241?
17
Let c(q) = -115*q + 2. Let r(m) = 38*m - 1. Let j(d) = 6*c(d) + 17*r(d). Let g be j(5). Let b be g/(-20) - 1/4. What is the greatest common divisor of b and 1?
1
Suppose -3*v + 192 = -0*v. Suppose -z = 5 - 1, 2*z = -5*a + 32. Calculate the highest common divisor of v and a.
8
Let h = 167 - 113. Let k = h - 38. What is the highest common factor of 128 and k?
16
Let x(c) = -12*c - 2. Let l be x(2). Let s be (l/14 + 1)*7. Let r = s - -38. Calculate the highest common divisor of r and 48.
16
Let l = -17 - -22. Suppose -b + 31 = -f, l*f + 127 = 3*b + b. Calculate the greatest common factor of b and 84.
28
Let t = 28 - 15. Let p = -72 + t. Let x = 85 + p. Calculate the highest common factor of 13 and x.
13
Let u(z) = z**3 + 5*z**2 - z + 1. Let d be u(5). Suppose -12 - d = 2*y. Let t = -72 - y. What is the highest common factor of t and 38?
19
Let a be 1*3 + (-9)/(81/18). Let j(u) = 9*u**2 - 4*u + 5. Let h be j(a). What is the highest common factor of h and 110?
10
Let j be (70/3)/(4/(-36)*-6). What is the highest common divisor of j and 80?
5
Let t = 1696 - 1568. Calculate the highest common factor of 32 and t.
32
Let t = -52 - -105. Let o = t + 35. Let c = -512 - -523. Calculate the greatest common factor of o and c.
11
Let q(m) = m - 8 - 2*m + 0*m + 5*m. Let c be q(4). Suppose -65 = -3*o - c. Calculate the greatest common factor of o and 57.
19
Let p(x) = -x**2 - 27. Let h be p(0). Let q(y) = 48*y**2 - 4*y + 3. Let d be q(1). Let a = h + d. Calculate the greatest common factor of a and 50.
10
Let n(s) = s**2 - 14*s + 18. Let g be n(13). Suppose -g*m = -0*m - 30. What is the greatest common factor of 6 and m?
6
Let j = 46 - 14. Let b(c) = 17*c**2 + 20*c. Let n be b(4). Calculate the greatest common divisor of n and j.
32
Let j(a) = 3*a + 95. Let u be j(-20). What is the greatest common divisor of 5 and u?
5
Let d = -96 + 300. Suppose -2*r + 0*r + d = -5*z, 2*z + 81 = r. Let w = -22 - z. What is the highest common factor of w and 4?
4
Let u(s) = -s**2 + 9*s + 10. Let y be u(8). Suppose -5*x = 2*l - 64 - 32, 2*l = -x + 24. Calculate the highest common factor of y and x.
18
Suppose -w + 0*l = -3*l - 6, 0 = -3*w + 5*l + 14. Let q be (90/(-35))/(w/(-21)). What is the highest common factor of 6 and q?
6
Let m = -110 - -77. Let d = 43 + m. What is the highest common factor of d and 10?
10
Let k be (-1 - (-27)/15)*5. Suppose k*q = 26 + 86. What is the highest common divisor of q and 4?
4
Suppose 5*g + 586 - 2186 = 0. Calculate the greatest common factor of 64 and g.
64
Suppose 22*v = 32*v - 630. What is the highest common factor of v and 567?
63
Let f(r) = r**2 + 21*r - 87. Let t be f(-25). Calculate the highest common factor of t and 767.
13
Let c = -61 - -304. Calculate the greatest common factor of c and 18.
9
Suppose -35520 = 5*u - 37*u. What is the greatest common divisor of u and 30?
30
Let r = -72 + 162. What is the highest common divisor of 306 and r?
18
Let k(z) = z**2 - 41*z + 382. Let p be k(28). What is the highest common factor of p and 72?
18
Let g(t) = 28*t**2 - t - 1. Suppose 3*n + 8 = n. Let r be 21/(-15) - n/10. Let m be g(r). Calculate the highest common divisor of 4 and m.
4
Suppose 42*y - 1106 = 448. What is the greatest common factor of 703 and y?
37
Let j(v) = 70*v - 126. Let f be j(10). What is the highest common factor of 14 and f?
14
Let j(r) = r**3 + 8*r**2 - 175*r - 40. Let c be j(10). Let a be 8/5*(-5)/(-2). Calculate the greatest common divisor of a and c.
2
Let x = 50 - 35. Suppose -2*p = p - x. What is the greatest common divisor of 2 and p?
1
Let t(d) = 24*d**2 + 91*d - 265. Let j be t(3). What is the greatest common divisor of j and 126?
14
Suppose 0 = 48*y - 47*y - 54. Let q = -4 - -6. Suppose -q*f + 18 = f. Calculate the greatest common divisor of f and y.
6
Let i = -26 - 50. Let r = -66 - i. Suppose 0 = -2*d + 2*k + k + 45, -k + 65 = 2*d. Calculate the highest common divisor of d and r.
10
Let i = -327 - -72. Let b be 1/(2 - i/(-126)). Let r be 1/((9/b)/(-3)). Calculate the highest common factor of 28 and r.
14
Let l(m) = -29*m - 1. Let z be 9/(18/4) + -52. Let r be (-10)/z + 6/(-5). Let f be l(r). What is the greatest common factor of f and 70?
14
Suppose 0 = -2*s - 172 + 588. Calculate the greatest common divisor of 16 and s.
16
Let t(k) = k**3 - 12*k**2 - 9*k + 11. Let n be t(13). Calculate the highest common factor of n and 336.
21
Let r be 17/(-2)*2/(-1). Let z(f) = -f**2 - 2*f - 5 + 